 the greatest common divisor of w and 8?
8
Let p be 1 + 3 + 52/13. Suppose y = -l, 2*y = l + 4 + p. Suppose y*a - 77 + 5 = 0. What is the highest common divisor of 9 and a?
9
Let s = 10 + -13. Let g = 16 - s. Let f = -223 + 318. What is the greatest common factor of g and f?
19
Suppose -46 + 116 = -10*w. Let m(y) be the first derivative of y**4/4 + 3*y**3 - y**2 - 2*y - 1. Let k be m(w). What is the highest common factor of 10 and k?
10
Let c(a) = -1 + 2 + 12*a**2 - 4*a + 5*a - 2*a. Let j(t) = t**2 + 11*t - 11. Let u be j(-12). Let q be c(u). Calculate the greatest common factor of q and 132.
12
Suppose -101 + 323 = 2*f. Let i = -199 - -265. Let j = f - i. What is the greatest common factor of j and 9?
9
Let r = -380 + 625. Calculate the greatest common factor of 15 and r.
5
Let r = 3444 + -1319. What is the highest common factor of r and 25?
25
Suppose 106*b - 109*b + 27 = 0. Calculate the greatest common divisor of b and 1503.
9
Let o(q) = -q**3 + 11*q**2 + 8*q - 55. Let x be o(11). What is the highest common divisor of 99 and x?
33
Let a be -4*(-4)/32*1508. What is the highest common divisor of a and 26?
26
Let f be 282/18 + 48/9 + -4. Calculate the greatest common factor of 119 and f.
17
Let l = 85 - 43. Suppose p = 5*q - 316, -p - 39 = 2*q - 164. What is the highest common factor of l and q?
21
Suppose 12 = -4*o, a = 6*a + 4*o - 198. Let c be 7/(a/8)*6. Let t(i) = 7*i**2 - 5*i + 2. Let m be t(2). Calculate the greatest common factor of c and m.
4
Suppose -85*m + 72*m = -1521. Calculate the greatest common divisor of 9 and m.
9
Let a be 105 + (-18)/6 - -5. Let r = a + -43. Calculate the greatest common divisor of r and 4.
4
Let c(k) = 5*k**2 + 21*k. Let m(o) = 9*o**2 + 41*o + 1. Let f(j) = -5*c(j) + 3*m(j). Let i be f(-12). What is the highest common factor of 50 and i?
25
Suppose -11*t + 197 + 298 = 0. What is the greatest common divisor of 18 and t?
9
Suppose -14 + 9 = -x. Let q = 28 + x. Let h be 3 + 0/(6/3). What is the highest common divisor of h and q?
3
Let z be (5/(-4))/((-1)/52). Suppose -2*n - n - 136 = -5*j, -5*n = -j + 36. Calculate the greatest common factor of z and j.
13
Let l be 0/((-3)/1 - 0). Suppose 3*v - 33 + 18 = l. Suppose -i + 91 = v*n, 3*n = 4*n - 4*i - 35. What is the highest common factor of 95 and n?
19
Let z = 218 + -118. Suppose -3*u = u - z. Let r be 6*-10*(-20)/6. What is the highest common divisor of u and r?
25
Suppose -3*l - 3375 = -18*l. Let u be (-4 + 7)*-1 + 93. What is the highest common divisor of u and l?
45
Suppose -4*x + 600 = 3*o, -o + 592 = -91*x + 95*x. What is the highest common factor of x and 1?
1
Let z(d) = -d**2 - 6*d + 13. Let h be z(-8). Let j = 3 + h. Suppose j = -u + 1, -507 = -2*y - u - 0*u. What is the greatest common divisor of y and 23?
23
Let n be 2/(-6) - (-24)/(-9). Let f be -2*(-3)/(-6) - n. Calculate the highest common divisor of f and 8.
2
Suppose -4*n + 212 = -148. What is the highest common divisor of n and 60?
30
Suppose 0 = 4*s + 2*s - 8064. What is the highest common divisor of 63 and s?
21
Let n(d) = d**2 + 7*d - 2. Let r be n(6). Let m = -41 + r. Suppose -4*h + h + m = 2*b, -b - 3*h + 19 = 0. Calculate the greatest common divisor of 48 and b.
16
Suppose -5*t - 2*t = 21. Let n be t/(-9)*-8*-78. Let y = -38 + 64. What is the highest common divisor of n and y?
26
Let c be 1/5 - (1 + 308/(-10)). What is the greatest common factor of 20 and c?
10
Let u(k) = -25*k - 14. Let q be u(-2). Suppose 0 = -5*t - 2*l + 312, -t + 0*t + 60 = -2*l. Let p = t - q. Calculate the highest common divisor of 65 and p.
13
Let x = 922 - 911. Calculate the greatest common factor of 539 and x.
11
Let f(t) = t + 20. Let g be f(-15). Suppose g*y - 34 = 41. Suppose -10*i - 165 = -11*i. What is the highest common factor of y and i?
15
Let h(n) = 5*n**2 - 3*n + 3. Let l be h(-3). What is the greatest common divisor of 95 and l?
19
Let z(w) = -8*w**2 + 7*w + 130. Let u be z(0). What is the highest common factor of u and 182?
26
Let z(h) = -39*h - 120. Let u be z(-5). Calculate the greatest common divisor of u and 100.
25
Let b(q) = 3*q**3 + 18*q**2 + 3*q + 9. Let i be b(-5). Calculate the highest common divisor of 345 and i.
69
Let q = -476 - -824. What is the greatest common factor of q and 12?
12
Let i be (-540)/(-66) - 2/11. Calculate the greatest common divisor of i and 248.
8
Let n be 3 + 1616 + (-20)/5. Calculate the greatest common divisor of 85 and n.
85
Let z(u) = -2*u - 5. Let n be z(-4). Suppose 25 = n*b + 2*b. Suppose 196 = 2*r + 2*v, -b*r + 490 = -0*r + 4*v. What is the highest common divisor of 14 and r?
14
Let z(f) = -f**2 - 26*f - 39. Let k be z(-8). What is the highest common divisor of k and 42?
21
Let d(s) be the first derivative of 3*s**2/2 - 19*s + 15. Let z be d(8). Suppose -2*u + u = -45. What is the greatest common divisor of u and z?
5
Let p be (-3160)/(-44) + -2 + 48/22. What is the greatest common divisor of 8 and p?
8
Let j(i) be the first derivative of -i**2 + 11*i - 1. Let y be j(9). Let w be y*(-13 + (-2 - -4)). Calculate the greatest common divisor of w and 7.
7
Suppose -3*x + u - 167 = -479, -5*u - 312 = -3*x. Let k = x - -10. What is the highest common factor of k and 6?
6
Let j = 1153 + -488. What is the greatest common factor of j and 35?
35
Let n(q) = 152*q - 20. Let f be n(4). What is the highest common factor of 12 and f?
12
Let v(g) = g**2 + 20. Let q(d) = -2*d - 13. Let m be q(-7). Suppose m + 0 = b, 0 = 2*y + 3*b - 3. Let k be v(y). What is the highest common factor of 8 and k?
4
Let g be 440/48 - 2/12. Suppose 2*h + 147 = g*h. Calculate the greatest common divisor of 42 and h.
21
Let m be ((-4)/(-20))/(5 + 1044/(-210)). What is the greatest common factor of 63 and m?
7
Suppose 46*i = 57*i - 4235. What is the highest common factor of i and 55?
55
Let g(w) = -4*w - 33. Let a = 39 + -54. Let b be g(a). Calculate the greatest common divisor of b and 27.
27
Let k be -4 - (-1149 + (-28)/4). Calculate the greatest common divisor of 32 and k.
32
Suppose -86*k = -93*k + 2926. Calculate the greatest common divisor of 38 and k.
38
Let i be (-1)/(1 + (4 - 4)). Let t be ((-1)/i + -9)*2. Let k(b) = b + 31. Let q be k(t). Calculate the highest common factor of 120 and q.
15
Suppose -a - 221 = -4*y, -2*a + 7*a = 3*y - 153. Calculate the greatest common factor of 56 and y.
56
Let d(r) = r**2 - 8*r + 15. Let w be d(6). Suppose -3*f + 168 = 4*f. Let c be (-4)/((f/(-28))/w). What is the highest common divisor of c and 14?
14
Suppose 6*i - 3*i + 466 = 2*n, -5*i = 10. What is the greatest common divisor of 46 and n?
46
Let o = -64 - -482. What is the highest common divisor of 55 and o?
11
Let h be (-2)/4*(10 - 16). Let t(x) = x**2 + 120. Let z be t(0). Suppose 3*v + 0*u = -3*u + 72, -5*v + u + z = 0. What is the highest common divisor of v and h?
3
Let i = -1185 - -1193. What is the greatest common factor of i and 144?
8
Let d = 2368 + -2312. What is the greatest common factor of d and 35?
7
Suppose -56*x + 16 = -55*x. Suppose 0 = -11*a + x*a - 15. Calculate the highest common divisor of 2 and a.
1
Let j be ((-75)/11 - -7) + (-273)/(-11). What is the greatest common factor of j and 125?
25
Suppose q + 5*x = 3, -2*q = -3*x - 2*x - 6. Suppose -z + 128 = t, -q*t - 3*z + 404 = -5*z. What is the highest common divisor of t and 12?
12
Let s be (-6)/4*(0 - 14). Suppose 0 = q - 2*o - 8, 156*o - 157*o + 73 = 5*q. Calculate the greatest common divisor of q and s.
7
Let k(z) = -z**3 - 34*z**2 - 65*z - 5. Let g be k(-32). What is the greatest common divisor of g and 3753?
27
Suppose l - 83 = -k - 0*k, k = 3*l - 233. Let c be -5 + 4 - l/(-1). What is the greatest common divisor of 26 and c?
26
Let l = 100 - 72. What is the highest common divisor of l and 532?
28
Let j be ((-2)/(-4))/(2/240). Let n = -292 + 304. What is the highest common factor of j and n?
12
Let v = -49 - -48. Let a be 7 - -6 - (v - -3). Calculate the highest common factor of 66 and a.
11
Let t(h) = -1 + 0*h**3 + 0*h**3 + 0*h**2 + 2*h**2 - h + h**3. Let l be t(2). What is the highest common factor of 13 and l?
13
Suppose 0 = -w + 2*w - 11. Let p(l) = 17*l - 193. Let i be p(12). Calculate the highest common factor of w and i.
11
Suppose 0 = -2*i + 24 - 10. Suppose -i*u = -57 - 90. What is the highest common factor of u and 